31
Let n(s) = 96*s**2 + 718*s - 299. Calculate n(-8).
101
Let m(w) = 5*w**3 - 20*w**2 + 105*w - 172. Give m(2).
-2
Let p(t) = -39*t**2 - 3256*t + 5023. Calculate p(-85).
8
Let l(u) = -58*u + 7374. Determine l(120).
414
Let w(i) = 123*i**2 - 2911*i + 9687. Calculate w(4).
11
Let n(w) = 36*w**3 - 259*w**2 + 103*w + 7. Calculate n(6).
-923
Let j(v) = -v**3 + 77*v**2 - 50*v - 1997. What is j(76)?
-21
Let y(f) = 676*f**3 - 2*f**2 + 3*f - 3. Calculate y(1).
674
Let y(z) = -188*z - 1227. Determine y(-14).
1405
Let m(d) = -102688*d - 4415581. Determine m(-43).
3
Let m(r) = 458*r + 10651. What is m(-24)?
-341
Let u(d) = -d**3 - 9*d**2 + 123*d - 1554. Determine u(-20).
386
Let x(c) = -2*c**2 + 86*c + 37948. Determine x(-117).
508
Let w(o) = -2*o**2 + 195*o + 49521. Give w(-116).
-11
Let g(j) = -j**3 + 30*j**2 + 407*j - 13288. What is g(26)?
-2
Let t(q) = 21*q**3 + 43*q**2 + 7*q - 9. Calculate t(-4).
-693
Let w(m) = 105*m**2 - 6619*m + 212. Calculate w(63).
-40
Let w(t) = 7964*t + 350415. What is w(-44)?
-1
Let c(d) = -5*d**3 + 33*d**2 + 239*d - 12. What is c(-5)?
243
Let i(c) = 860003*c - 5160016. Determine i(6).
2
Let o(m) = -852*m**2 + 63*m + 70. Determine o(-1).
-845
Let x(t) = 2*t**2 + 296*t - 26592. Determine x(-211).
-6
Let w(j) = j**3 + 169*j**2 - 1999*j - 389591. Determine w(-167).
20
Let g(x) = -9*x**3 + 117*x**2 - 322*x - 181. Determine g(5).
9
Let d(f) = -f**3 - 58*f**2 - 661*f - 190. Determine d(-12).
1118
Let l(i) = -10*i**3 - 392*i**2 - 15*i + 1963. Determine l(-39).
-494
Let m(c) = c**3 - 52*c**2 + 672*c + 103. Calculate m(26).
-1
Let k(o) = 74053*o - 1036737. Calculate k(14).
5
Let u(f) = 89*f**2 + 32751*f - 383. What is u(-368)?
-15
Let b(j) = -2*j**3 - 6*j**2 + 564*j + 3461. Determine b(-6).
293
Let a(h) = h**3 - 8*h**2 - 98*h + 735. Give a(16).
1215
Let f(n) = 113514*n - 340523. Give f(3).
19
Let w(a) = a**2 + 14723*a + 7508630. Give w(-529).
4
Let w(m) = m**2 - 673*m + 113018. Determine w(327).
-124
Let j(o) = 171*o**3 + 2*o**2 - 607*o - 1210. Determine j(-2).
-1356
Let o(q) = -q**3 - 49*q**2 - 512*q - 63. Calculate o(-22).
-1867
Let j(h) = -33*h**2 + 630*h - 1270. Give j(2).
-142
Let o(t) = -t**3 - 107*t**2 + 3934*t - 1158. Determine o(-136).
202
Let r(c) = -17275*c + 1485646. What is r(86)?
-4
Let w(s) = 6*s**3 + 281*s**2 + 249*s + 376. Calculate w(-46).
-498
Let s(o) = 5124*o - 819818. Calculate s(160).
22
Let s(z) = -z**3 - 67*z**2 - 25*z + 3429. What is s(-66)?
723
Let j(n) = 14906*n + 2235886. Calculate j(-150).
-14
Let y(d) = 2*d**3 + 13*d**2 + 4*d - 177. Give y(3).
6
Let c(k) = 2*k**3 + 98*k**2 - 1322*k - 174. Give c(-60).
-54
Let w(v) = -14*v - 156. Calculate w(22).
-464
Let n(l) = 25*l**2 + 170*l - 751. Give n(-10).
49
Let a(q) = -2*q**2 - 2288*q + 145892. Calculate a(61).
-1118
Let s(q) = 2*q**3 + 87*q**2 - 948*q + 42. Give s(9).
15
Let l(d) = -9*d - 1695. Calculate l(-207).
168
Let o(g) = -559*g - 207445. Give o(-371).
-56
Let c(d) = -32*d**2 - 9*d - 16. What is c(3)?
-331
Let a(l) = -123*l - 2795. Calculate a(-23).
34
Let x(m) = m**3 + 87*m**2 + 34*m + 2947. Give x(-87).
-11
Let b(r) = r**3 + 984*r**2 + 13469*r - 1570. What is b(-14)?
-16
Let d(f) = -2071*f - 8245. Determine d(-4).
39
Let d(j) = -55*j**2 - 7307*j + 7367. Calculate d(1).
5
Let p(h) = -h**2 + 19622*h - 802836. Calculate p(41).
-15
Let s(u) = -3225*u + 222518. Calculate s(69).
-7
Let v(w) = -w**2 + 430*w + 4009. Calculate v(-9).
58
Let q(k) = 30*k**2 + 7491*k - 14977. Calculate q(2).
125
Let h(u) = 3726*u + 26142. Determine h(-7).
60
Let r(p) = p**2 + 269*p + 18195. Determine r(-113).
567
Let a(m) = 5873*m - 363893. Give a(62).
233
Let g(j) = 401*j**2 + 781*j + 2. Give g(1).
1184
Let g(q) = -2059*q - 28926. What is g(-14)?
-100
Let r(k) = 1014*k + 322359. Give r(-318).
-93
Let m(y) = -212*y + 49084. Give m(231).
112
Let d(w) = 34446*w + 310017. Calculate d(-9).
3
Let v(s) = 9673*s + 5523286. Calculate v(-571).
3
Let i(l) = -237*l**2 - 25512*l + 9075. Determine i(-108).
3
Let v(n) = -1073*n + 15075. Calculate v(16).
-2093
Let d(x) = -367*x - 66109. Give d(-180).
-49
Let l(n) = n**3 + 17*n**2 + 36*n - 47. What is l(-14)?
37
Let s(t) = -t**3 - 297*t**2 + 327*t + 4584. Determine s(-298).
-4058
Let j(b) = -9786*b + 244534. What is j(25)?
-116
Let j(c) = -178*c + 2043. Calculate j(9).
441
Let u(q) = q**3 + 9*q**2 - 134*q + 51. Give u(6).
-213
Let k(p) = -2*p**2 + 235*p - 315. Give k(130).
-3565
Let l(s) = 2*s**3 - 53*s**2 + 253*s - 7564. Give l(27).
-4
Let t(k) = -14351*k**2 + 215268*k - 34. Calculate t(15).
11
Let l(q) = 37*q**3 - 3*q**2 + 199*q - 195. Determine l(1).
38
Let t(y) = 9*y**2 + 3771*y - 15078. Calculate t(4).
150
Let m(l) = -331*l - 27274. Calculate m(-83).
199
Let p(w) = -2096*w + 96767. Calculate p(46).
351
Let j(g) = -2*g**3 + 47*g**2 - 72*g + 70. Give j(22).
-62
Let n(j) = -j**3 - j**2 + 15*j - 758. Calculate n(-10).
-8
Let c(h) = -h**3 - 51*h**2 - 623*h + 75. Calculate c(-21).
-72
Let f(x) = 2*x**2 - 37*x - 4332. Give f(-41).
547
Let w(d) = 3125*d + 18488. Determine w(-6).
-262
Let f(n) = 26199*n - 3432063. What is f(131)?
6
Let x(a) = 5*a**2 - 2942*a - 32503. What is x(-11)?
464
Let c(a) = 4*a**2 + 179*a - 1218. Calculate c(6).
0
Let h(o) = -3*o**2 + 8741*o + 61243. What is h(-7)?
-91
Let s(u) = 125*u**2 - 212391*u - 212390. Calculate s(-1).
126
Let w(a) = 218*a**2 - 10470*a + 281. What is w(48)?
-7
Let w(n) = 1393*n + 282875. Determine w(-203).
96
Let z(n) = 4658*n - 4803. Calculate z(1).
-145
Let j(s) = s**3 - 39*s**2 - 683*s + 5359. Calculate j(6).
73
Let r(u) = -u**2 + 3481*u + 616842. What is r(-169)?
-8
Let d(r) = -154*r**2 - 11413*r - 225. Calculate d(-74).
1033
Let t(n) = -2661*n + 53749. Determine t(20).
529
Let v(k) = k**2 + 42*k - 2244. Calculate v(33).
231
Let x(h) = -h**3 + 763*h**2 + 58*h - 44259. Determine x(763).
-5
Let b(h) = -16*h**2 + 1823*h - 31143. Give b(93).
12
Let q(l) = 1975518*l + 15804151. Calculate q(-8).
7
Let t(k) = k**3 - 43*k**2 + 331*k - 59. Calculate t(33).
-26
Let a(d) = -5*d**2 + 90*d - 671. Calculate a(6).
-311
Let q(c) = 7*c**2 + 10*c - 161. Determine q(-14).
1071
Let p(s) = s**3 + 100*s**2 - 524*s - 61668. What is p(-99)?
9
Let t(n) = -18130*n + 1414152. Give t(78).
12
Let c(w) = w**3 - 381*w**2 + 367*w + 10. Calculate c(1).
-3
Let l(p) = 214*p**3 + 608*p**2 - 7*p + 288. Determine l(-3).
3
Let s(z) = 142*z**2 + 360*z + 113. Calculate s(-2).
-39
Let n(h) = 1505937*h + 7529681. Calculate n(-5).
-4
Let t(i) = 206*i - 9215. What is t(45)?
55
Let y(p) = p**3 - 193*p**2 + 543*p - 30754. What is y(191)?
-3
Let f(b) = b**3 - 12435*b**2 + 49717*b - 8. Calculate f(4).
-36
Let t(d) = -47*d**3 - 8*d**2 - 355*d - 1408. Calculate t(-4).
2892
Let v(y) = -33*y**3 + 17*y**2 - 44*y + 10. What is v(3)?
-860
Let h(d) = -8*d**2 + 74*d + 32321. Give h(-59).
107
Let u(d) = -d**3 - 56*d**2 - 841*d - 1748. Determine u(-24).
4
Let k(i) = -3*i**2 - 23*i + 244. What is k(-19)?
-402
Let g(f) = -f**3 - 3*f**2 + 1380*f - 278. Give g(0).
-278
Let v(d) = d**2 - 23*d - 366. What is v(-19)?
432
Let j(a) = -1035*a**3 - a**2 - 20*a + 48. What is j(2)?
-8276
Let m(l) = l**2 + 360*l - 38398. Give m(84).
-1102
Let i(v) = -v**2 - 44*v - 243. Calculate i(-60).
-1203
Let s(y) = -375*y + 1862. Give s(5).
-13
Let m(z) = 1168*z - 17763. Determine m(15).
-243
Let t(k) = 64*k**2 + 359*k - 420. Determine t(1).
3
Let f(m) = -49*m + 826. Calculate f(15).
91
Let d(b) = -4*b**3 + 4*b**2 + 124*b - 469. Calculate d(3).
-169
Let y(t) = -t**2 - 881*t + 309418. Calculate y(269).
68
Let l(k) = -2114*k - 234090. Calculate l(-111).
564
Let v(c) = -c**3 + 1741*c**2 + 104*c - 181077. Calculate v(1741).
-13
Let v(t) = 2892*t + 25970. What is v(-9)?
-58
Let q(t) = -15721*t + 204624. Calculate q(13).
251
Let l(m) = -3*m**3 + 124*m**2 - 359*m - 172. Determine l(38).
626
Let t(u) = u**2 - 128*u - 31251. Give t(-124).
-3
Let m(r) = 6*r**3 + 844*r**2 + 1660*r - 1. Calculate m(-2).
7
Let u(t) = -397*t - 4689. Calculate u(-12).
75
Let a(f) = -16*f**2 - 1311*f + 98. What is a(-82)?
16
Let d(c) = c**3 + 498*c**2 + 1980*c + 36. What is d(-4)?
20
Let j(n) = -n**3 + 86*n**2 - 5454*n + 481992. Calculate j(87).
-75
Let b(c) = 397*c**3 - 46*c**2 - 44*c + 3. Calculate b(-1).
-396
Let s(d) = 3*d**3 + 1024*d**2 + 8325*d - 18. What is s(-333)?
-18
Let w(p) = 75*p**2 + 1356*p + 603. 